or of 2009 and 1382479.
287
What is the highest common factor of 1566 and 9875718?
522
What is the greatest common divisor of 642 and 69698088?
642
Calculate the greatest common factor of 13940 and 3072458.
82
What is the highest common divisor of 3480420 and 13632?
852
What is the highest common divisor of 128 and 200576?
128
What is the highest common divisor of 25 and 464780?
5
What is the highest common divisor of 1939632 and 768?
48
Calculate the greatest common factor of 7166043 and 519524.
5647
What is the highest common factor of 17964656 and 184?
184
What is the greatest common factor of 63326132 and 5164?
5164
What is the greatest common divisor of 931831 and 386717?
1427
Calculate the highest common factor of 140496704 and 27496.
3928
Calculate the greatest common factor of 221 and 33507136.
221
What is the greatest common divisor of 421968 and 982704?
2832
What is the greatest common divisor of 178782375 and 75?
75
Calculate the highest common factor of 560162969 and 628.
157
Calculate the greatest common factor of 824 and 13936106.
206
Calculate the highest common divisor of 324 and 1876963752.
324
What is the greatest common divisor of 100002 and 7273?
7
What is the greatest common divisor of 4222900321 and 7409?
7409
Calculate the highest common divisor of 140147445 and 2085.
2085
What is the highest common divisor of 133730 and 55470?
430
What is the highest common divisor of 349733 and 4657204?
4427
Calculate the greatest common divisor of 15162360 and 435.
435
What is the highest common factor of 2285524272 and 712?
712
Calculate the greatest common factor of 1 and 3812372.
1
What is the greatest common factor of 12660691 and 251?
251
What is the greatest common factor of 34455 and 3885?
15
Calculate the greatest common divisor of 2310 and 520440.
30
What is the greatest common divisor of 63875882 and 14?
14
Calculate the highest common factor of 416559 and 6149.
143
Calculate the highest common factor of 32568113 and 3269.
467
What is the highest common divisor of 126776 and 20217?
23
Calculate the highest common factor of 2279 and 25843.
43
What is the highest common divisor of 97916301 and 1512?
63
Calculate the highest common factor of 132327396 and 8430.
1686
Calculate the greatest common divisor of 1130 and 18463070.
1130
Calculate the highest common divisor of 2399679 and 270.
27
Calculate the highest common divisor of 7520 and 433220.
20
What is the greatest common factor of 160 and 2877921920?
160
What is the greatest common factor of 425 and 10121?
1
What is the highest common factor of 8820 and 39853611?
441
Calculate the greatest common factor of 23385124 and 45124.
1556
Calculate the highest common divisor of 3439600 and 2480.
80
What is the greatest common factor of 11 and 360488117?
11
What is the greatest common factor of 5022 and 3438?
18
Calculate the highest common divisor of 1181232800 and 5489.
5489
What is the greatest common factor of 153952 and 798048?
544
Calculate the greatest common factor of 545760 and 111805.
1895
What is the greatest common factor of 74900115 and 1080?
45
Calculate the highest common divisor of 510 and 11129679.
51
What is the greatest common divisor of 148 and 10440438?
74
Calculate the highest common divisor of 215 and 488945.
5
What is the greatest common factor of 14304044 and 789?
263
Calculate the greatest common divisor of 1352 and 238472.
104
Calculate the highest common factor of 1385 and 21919287.
277
What is the highest common factor of 210 and 11721990?
210
What is the greatest common divisor of 69849948 and 21?
21
Calculate the greatest common factor of 2120488 and 16040.
3208
What is the greatest common factor of 278147 and 1085?
1
Calculate the greatest common divisor of 2277 and 1431936.
99
What is the greatest common divisor of 1411240 and 1800?
40
Calculate the greatest common divisor of 248880 and 898896.
2928
Calculate the greatest common factor of 715558 and 1024.
2
Calculate the greatest common divisor of 36574221 and 456.
57
What is the greatest common factor of 12010205 and 10?
5
What is the greatest common factor of 18596 and 24788?
4
What is the highest common divisor of 7080706 and 202?
202
Calculate the highest common divisor of 2184 and 3660007.
13
Calculate the highest common factor of 5420 and 68780.
20
What is the greatest common divisor of 72700992 and 2736?
2736
What is the greatest common divisor of 2115008 and 70?
14
What is the greatest common factor of 2308 and 821664156?
2308
Calculate the greatest common factor of 2732323 and 7645.
1529
Calculate the greatest common divisor of 824968 and 5135630.
2042
What is the greatest common divisor of 154 and 2492380?
22
Calculate the greatest common factor of 20626813 and 21771.
2419
What is the greatest common divisor of 118 and 4155311?
59
Calculate the greatest common factor of 19292 and 56693.
91
What is the greatest common divisor of 2489 and 1566629?
131
Calculate the highest common factor of 199 and 9463.
1
What is the greatest common factor of 11599631 and 2983?
157
Calculate the highest common factor of 167834380 and 1030.
1030
What is the highest common factor of 247090 and 39940?
10
Calculate the highest common divisor of 1624499 and 34912.
1091
Calculate the highest common divisor of 8720 and 6063670.
1090
Calculate the greatest common divisor of 7453345 and 140.
5
Calculate the highest common factor of 54623450 and 26768.
3346
Calculate the greatest common factor of 1620 and 37757988.
324
Calculate the highest common divisor of 171 and 4616550.
9
What is the highest common factor of 26 and 18088993?
13
Calculate the highest common factor of 5063069 and 45709.
1063
Calculate the highest common divisor of 5964 and 1970250.
426
Calculate the greatest common divisor of 1622930 and 80.
10
What is the highest common factor of 3087 and 4200378?
1029
What is the greatest common factor of 19166 and 231168?
14
What is the highest common factor of 8 and 18133096?
8
What is the greatest common divisor of 742265 and 2915?
265
What is the greatest common divisor of 713209 and 69778?
139
What is the highest common factor of 127020725 and 116?
29
Calculate the highest common divisor of 17837400 and 62472.
3288
Calculate the greatest common divisor of 165485 and 1318015.
115
Calculate the greatest common divisor of 367872 and 54.
6
What is the greatest common divisor of 166122 and 673596?
198
What is the greatest common factor of 495720 and 230384?
136
What is the greatest common divisor of 164750 and 63500?
250
Calculate the greatest common factor of 735680 and 17480.
760
Calculate the greatest common factor of 22770 and 53394.
66
What is the highest common divisor of 688 and 12386960?
16
What is the greatest common factor of 447 and 670002?
3
What is the greatest common divisor of 8556 and 687746?
46
Calculate the highest common factor of 1834366 and 406.
58
What is the greatest common divisor of 51932350 and 366?
122
What is the highest common factor of 4020002 and 101?
101
Calculate the greatest common factor of 227053930 and 10.
10
What is the highest common factor of 24168 and 26440704?
456
Calculate the greatest common divisor of 26 and 26122031.
13
Calculate the highest common factor of 86086 and 4422418.
2002
Calculate the greatest common factor of 3582832 and 174592.
176
Calculate the greatest common factor of 143634990 and 60.
30
What is the highest common divisor of 70862132 and 4304?
1076
What is the greatest common divisor of 10925851 and 23?
23
Calculate the highest common factor of 118153780 and 475.
95
What is the highest common divisor of 543464 and 128?
8
Calculate the greatest common factor of 48694683 and 174.
87
What is the greatest common factor of 9 and 8104797?
9
Calculate the greatest common divisor of 591900 and 3100.
100
Calculate the greatest common factor of 209603915 and 95.
95
What is the greatest common factor of 5912486 and 122?
122
Calculate the highest common divisor of 16 and 272814592.
16
What is the greatest common divisor of 148640 and 30?
10
Calculate the greatest common factor of 7138 and 508126.
166
What is the greatest common divisor of 370 and 10631510?
10
What is the greatest common divisor of 10025572 and 956?
956
Calculate the highest common divisor of 